se f - 12 = -q. What are the prime factors of f?
11
Let g(k) = 3*k - 47. Let m(u) = u - 24. Let a(c) = 2*g(c) - 5*m(c). What are the prime factors of a(0)?
2, 13
Suppose -2*a - 3 = 5. Let d = 2 - a. Suppose -65 = l - d*l. What are the prime factors of l?
13
Let m = 52 + -28. Suppose -4*b + 2*b + m = 0. List the prime factors of b.
2, 3
Suppose -13 + 5 = -2*m. Suppose -m*q + 132 = 12. What are the prime factors of q?
2, 3, 5
Let t(l) = l**3 + 4*l**2 - 6*l - 2. Let c be t(-5). Suppose 2*a - 5*k = 1 + 41, -c*k = 5*a - 136. List the prime factors of a.
2, 13
Let k(g) = -2*g - 6. Let o be k(-5). Suppose -v = -2*v + o. List the prime factors of v.
2
Let t = 10 + -6. Suppose t*p - 2*w + 18 = 0, -3 = 3*p - p + w. Let b = 9 + p. List the prime factors of b.
2, 3
Suppose n = -5*u + 2*u + 616, -4*u - 3*n = -818. List the prime factors of u.
2, 103
Suppose 101 = 3*u - 2*p, -5*p = 2*u + 3*u - 160. Suppose 20 = i + 3*w - 5, i + 5*w = u. List the prime factors of i.
13
Let k = -8 - -20. List the prime factors of k.
2, 3
Let p = 16 - 5. List the prime factors of p.
11
Let q = 12 - 9. Let k = 6 - q. List the prime factors of k.
3
Suppose -3*g + 27 = -2*g - 4*h, 2*g = 4*h + 66. What are the prime factors of g?
3, 13
Let i(f) = f**2 - f + 1. Let m be i(0). Let n be (12/(-10))/(m/(-25)). Let j = n + -6. What are the prime factors of j?
2, 3
Suppose 0*n + 8 = 2*n. Suppose -n*v + 10 = -0*i + 2*i, 0 = v. Let k = 10 - i. List the prime factors of k.
5
Suppose 1551 = 4*x + 227. What are the prime factors of x?
331
Let t(l) = l**2 - 2*l - 4. Let v be 0/(1 - 0) + -1. Let s be v - 2/(-1 - -2). What are the prime factors of t(s)?
11
Let x(j) = -j**2 - 12*j - 1. List the prime factors of x(-8).
31
Suppose -3*w - w = -20. Suppose -21 = -2*l + i, -33 = -3*l - 5*i + w. What are the prime factors of l?
11
Let q(p) = p**3 + 3*p**2 + 3*p + 3. Let x be q(-2). Let g = x - -13. List the prime factors of g.
2, 7
Suppose 10 = -5*v, 5*v - 3*v = -3*d + 389. List the prime factors of d.
131
Let z(d) = -d**2 - 5*d + 10. Let s be z(-7). List the prime factors of s/10 + (-174)/(-10).
17
Let w(t) = 2*t**2 - 6*t - 3. List the prime factors of w(6).
3, 11
Suppose h - 2*h = 5*k - 18, -3*h = k + 2. Suppose 5*o + 2*c + 6 = k*c, -5*o - 14 = 2*c. List the prime factors of (-1 + -1)/(o/14).
2, 7
Suppose 0*d + 4 = 4*d. List the prime factors of 92*(0 - d/(-2)).
2, 23
Let u(p) be the first derivative of 11*p**3/3 + p**2 + 3*p - 1. Let m be u(-2). Suppose 2*d + m = 5*a - 16, -15 = -a + 2*d. List the prime factors of a.
11
Let l = 34 - -187. List the prime factors of l.
13, 17
Let o = 29 + -20. Suppose 5*y - 2*l = 2*l + 16, -4*y - l = 4. List the prime factors of y/2 + (o - 5).
2
Let b = 9 + -7. Let l(g) = 6*g. List the prime factors of l(b).
2, 3
Let k = -5 + 6. Suppose -5*s = -r - k, 3*r - 7 = 3*s + 2*s. Let z = r - 1. List the prime factors of z.
3
Suppose -4*m + 34 = -3*m. What are the prime factors of m?
2, 17
Let o(g) = -7*g**2 + 2 + g + 0 + 4 + 8*g**2. Let t be (0 - (0 + 1)) + 1. What are the prime factors of o(t)?
2, 3
Suppose -4*j - 34 = -2. Let q(u) = -2*u - 6. List the prime factors of q(j).
2, 5
What are the prime factors of -8 - -3 - (-250 - -2)?
3
Let a(w) = 3*w**2 + 14. Let y(d) = d**2 - d + 1. Let t(r) = -a(r) + 4*y(r). Let v = -9 + 16. List the prime factors of t(v).
11
Let g(d) = d**3 - 9*d**2 + 5*d - 9. Let f be g(9). Suppose 3*h = 7*h - f. What are the prime factors of h?
3
Let k(r) = -r**2 + 1. Let i be ((-2)/(-3))/((-4)/6). Let s be k(i). Suppose 6*o - o - 45 = s. List the prime factors of o.
3
Suppose a + 3*a - 100 = 0. What are the prime factors of a?
5
Suppose -b - b - 5*h - 34 = 0, -28 = 2*b + 2*h. What are the prime factors of (b/(-15))/(10/75)?
2, 3
Suppose -2*m = 5*a - 100 - 855, -m = 0. List the prime factors of a.
191
Let m = 58 + 15. What are the prime factors of m?
73
Suppose 23 - 2 = -3*w. Let c(n) be the third derivative of -n**5/60 - 7*n**4/24 + 5*n**3/3 - 2*n**2. What are the prime factors of c(w)?
2, 5
Let r(y) = y**3 - 12*y**2 + 2*y - 7. Let d = 20 - 8. List the prime factors of r(d).
17
Suppose t - 8 - 7 = -3*o, 2*t + 14 = 5*o. Suppose -t*f = -163 - 11. List the prime factors of f.
2, 29
Let i be -1 + (-4 - (1 - -1)). Let x = -3 - i. Suppose -x*v + 16 = -3*v. List the prime factors of v.
2
Suppose -3*m = m - 12. Let i(k) = 10*k - k**2 + 11 + m + 1. List the prime factors of i(11).
2
Suppose -2*c + 95 = 3*c. Let w = 39 - c. Suppose -6*v = -v - w. List the prime factors of v.
2
Let z = -32 + 22. What are the prime factors of (-15)/(-6)*(-88)/z?
2, 11
Let t = 56 - 26. Suppose t = -p + 6*p. List the prime factors of p.
2, 3
Let r(c) = 5*c - 1. Let k be r(1). Suppose 0 = -k*y - y + 10. What are the prime factors of y?
2
Suppose 2*c + 6 = 2*b, 3 = -3*c - 0*c. Suppose -j + 18 = b*j. What are the prime factors of j?
2, 3
Suppose -4*l = -36 + 4. What are the prime factors of l*3/2 + 3?
3, 5
Let j(o) = -o**3 + 10*o**2 - 8*o - 7. Let r be j(9). Suppose -3*m - r*f + 56 = 0, -3*m - 3*f + 54 = -3. What are the prime factors of m?
2, 3
Let j = 29 + -19. What are the prime factors of j?
2, 5
Let g(q) = -31*q - 3. Let u be g(-2). Suppose c = -13 + u. Suppose -4*f - o = -c, 0 = 3*f - 0*f - 3*o - 42. List the prime factors of f.
2, 3
Let u(n) = n**3 - 5*n**2 - n + 4. Let x be u(3). Let d = x + 30. List the prime factors of d.
13
Suppose -4*p + 10 = -6. Suppose p = -0*y + y. Suppose y*z - 9 - 31 = 0. List the prime factors of z.
2, 5
Let y be 3*((-8)/6)/1. Let i(j) be the third derivative of -j**4/12 + j**3/6 + 2*j**2. List the prime factors of i(y).
3
Let k(l) = -16*l**2 + l + 2. Let b be k(-2). Let t = 106 + b. What are the prime factors of t?
2, 3, 7
Suppose -5*u = -2*y, -7*u + 3*u - 18 = 2*y. Let j(a) = -a**2 - 5*a + 2. Let m be j(y). Suppose -m*z + 10 = -z. What are the prime factors of z?
2, 5
Suppose 5 = -v - 1. What are the prime factors of (4/v)/(4/(-120))?
2, 5
Suppose -3*c = 3 - 18. Suppose 0 = -3*p + 21 + 3. Let a = p - c. List the prime factors of a.
3
Suppose g - 4 = 4*x, -5*x + 8*x + 3 = 5*g. Let a be -3 + 2 + 23/x. Let i = -14 - a. List the prime factors of i.
2, 5
Let y(w) = w**3 - 12*w**2 - 9*w + 8. List the prime factors of y(13).
2, 3, 5
Suppose -3*t = 2*z - 95, -t - 29 = -2*t + 2*z. List the prime factors of t.
31
Let n(q) = 4*q - 2. What are the prime factors of n(2)?
2, 3
Suppose z = -1 + 13. Let r = 6 - 3. Suppose r*f = -m + z, 3*m = f + f + 36. List the prime factors of m.
2, 3
Let y = -9 + 28. Suppose -4*a - 20 = 5*s, 0 = 2*s - 4*a - 11 - 9. Suppose 4*z - y = -4*j + 25, -2*j - 5*z + 13 = s. What are the prime factors of j?
2, 7
Let u(d) = 6*d**3 - 2*d + 1. Let q(v) = v - 1. Let r be q(-3). Let p be ((-8)/(-12))/(r/(-6)). List the prime factors of u(p).
5
Suppose 0 = 5*r + 2*j + 2*j - 85, 0 = 5*r + 2*j - 85. What are the prime factors of r?
17
Suppose 3*t = -2*t - 55. Let o = 10 - t. What are the prime factors of o?
3, 7
What are the prime factors of 30 - 3*(-5)/15?
31
Let d(z) = -40*z + 1. Let p be d(-5). Let w be 9/15 + p/15. Suppose 3*l - 10 = w. What are the prime factors of l?
2
Let m = 59 + -31. Suppose 0 = a - 2*a + m. Let t = a + -20. What are the prime factors of t?
2
Let j(q) = 12*q**2 + 2*q - 1. Let t be (0 + 2 - 2) + 1. What are the prime factors of j(t)?
13
Let t(s) = -s + 26. List the prime factors of t(8).
2, 3
Let h be (1 - -57) + -2 - 1. Suppose -4*c = 5*y - h, -4*y = 2*c + y - 25. Suppose -r + 4*j = r - 26, 5*j + c = 0. What are the prime factors of r?
7
Let v = 10 + 181. List the prime factors of v.
191
What are the prime factors of 238/3 - (161/(-21) + 8)?
79
Suppose 40 = 4*n - 0*v + v, 0 = -2*n - 5*v + 20. Let b = n + -6. Suppose -b*y - 14 = -70. What are the prime factors of y?
2, 7
Let n = -6 - -10. Suppose -n*y = -5 - 3. List the prime factors of y.
2
Let t(g) = 2*g**3 - 1 + 2*g**2 - 3*g**3 + 5*g**2 + 10*g + 8. What are the prime factors of t(8)?
23
Suppose -m = -3*i - 118, 5*m - 5*i = -i + 590. What are the prime factors of m?
2, 59
Let g = -16 + 11. Let k = 1 - g. List the prime factors of k.
2, 3
Suppose 5*o = -5*v + 215, -5*v - 245 = -5*o - 0*v. List the prime factors of o.
2, 23
What are the prime factors of (-10)/(-6)*47 + (-3)/9?
2, 3, 13
Let f = 16 + 16. Suppose 0*z = 5*z + 5, 5*g - f = 2*z. List the prime factors of g.
2